
-3
Let r(p) = -p**3 - p + 23. What is r(0)?
23
Let s(o) = -8*o + 9. What is s(-7)?
65
Let i(p) = -62*p + 4. Calculate i(0).
4
Let i(r) = -r**3 - 20*r**2 - 21*r - 48. What is i(-19)?
-10
Let h(r) = -2*r - 9. Calculate h(10).
-29
Let o(w) = -w**2 - 4*w - 6. Calculate o(-5).
-11
Let q(v) = 4*v + 47. What is q(-13)?
-5
Let t(v) = -3*v + 62. Calculate t(20).
2
Let y(n) = 2*n**3 + 17*n**2 - 8*n + 1. Determine y(-9).
-8
Let b(h) = -2*h**3 + 8*h**2 - 11*h + 3. Determine b(3).
-12
Let g(y) = -2*y - 5. Calculate g(-10).
15
Let f(c) = c**2 + 18*c + 38. What is f(-17)?
21
Let q(f) = -3*f**2 - 10*f + 31. Determine q(-5).
6
Let r(f) = 2*f**2 - 26*f - 34. Determine r(14).
-6
Let w(m) = -7*m**2 - 6*m + 9. Determine w(4).
-127
Let y(h) = -2*h**2 - 17*h - 10. Determine y(-11).
-65
Let q(m) = 11*m**2 + 154*m + 19. What is q(-14)?
19
Let o(a) = a**2 + 18*a - 205. What is o(-26)?
3
Let q(u) = 2*u + 13. Determine q(-10).
-7
Let m(z) = -6*z + 89. Give m(22).
-43
Let t(i) = 2*i**3 - 2*i**2 + 1. Give t(-3).
-71
Let b(w) = w**2 - 7*w - 125. What is b(15)?
-5
Let q(y) = 49*y + 84. Determine q(-2).
-14
Let l(x) = 7*x**2 + 2*x - 1. Determine l(1).
8
Let a(h) = -h**3 + 10*h**2 - 6*h - 9. Give a(6).
99
Let b(o) = o**3 - 8*o**2 - 12*o + 21. Calculate b(9).
-6
Let v(u) = u**3 - u**2 - u + 22. Determine v(0).
22
Let l(x) = 3*x + 1. What is l(-5)?
-14
Let j(q) = 50*q**2. What is j(1)?
50
Let s(v) = v**2 + 3*v + 5. Calculate s(-2).
3
Let d(l) = -2*l**2 + 6*l - 3. Determine d(4).
-11
Let r(s) = -2*s**2 + 42*s - 21. Give r(21).
-21
Let p(k) = -k**2 + 78. Give p(0).
78
Let a(k) = -k**3 - 18*k**2 + 2*k + 48. Give a(-18).
12
Let z(y) = 7*y - 7. Determine z(7).
42
Let i(y) = 2*y**3 - 13*y**2 - 4*y - 28. Determine i(7).
-7
Let b(r) = r**2 + 12*r - 16. Calculate b(-12).
-16
Let v(r) = -r**2 - 28*r - 39. Give v(-21).
108
Let n(i) = -2*i**3 + 3*i + 3. Determine n(-2).
13
Let j(b) = -b**2 - 23*b - 6. What is j(-22)?
16
Let t(i) = i**3 + 14*i**2 + 16*i - 19. Determine t(-13).
-58
Let g(k) = 6*k - 72. What is g(12)?
0
Let p(t) = t**3 - 8*t**2 + 3*t - 11. What is p(8)?
13
Let k(c) = -4*c**3 - 2*c**2 + 3*c - 1. What is k(1)?
-4
Let k(a) = -a**2 - 24*a - 1. What is k(-24)?
-1
Let o(c) = 2*c**2 + 9*c + 8. Give o(-6).
26
Let w(d) = d**3 + 9*d**2 - d + 5. Calculate w(-9).
14
Let u(b) = 3*b**2 - 10*b + 6. Determine u(4).
14
Let r(l) = -l**3 - 5*l**2 - 3*l - 45. Give r(-6).
9
Let j(n) = -n**3 - 21*n**2 + 45*n - 23. Calculate j(-23).
0
Let h(s) = s + 5. Determine h(-9).
-4
Let u(i) = i**2 - 6. Give u(0).
-6
Let x(j) = 11*j + 124. Determine x(-11).
3
Let s(o) = 32*o - 1. What is s(1)?
31
Let s(d) = -d**2 - 6*d - 5. What is s(-9)?
-32
Let l(k) = k**2 - 9*k + 8. What is l(8)?
0
Let z(a) = -2*a + 6. Calculate z(-4).
14
Let f(o) = o**3 - 5*o**2 - 5*o - 20. Determine f(6).
-14
Let b(c) = -c - 37. Determine b(-23).
-14
Let v(o) = -o**2 - o. Determine v(-2).
-2
Let n(f) = f**3 - 4*f**2 - 2*f + 9. Give n(4).
1
Let s(y) = -y**2 - 2*y - 17. Calculate s(0).
-17
Let n(g) = -g**3 - 15*g**2 + g + 12. Give n(-15).
-3
Let s(j) = 2*j**2 + 19*j + 17. Give s(-9).
8
Let h(s) = -2*s**3 - 41*s**2 + 12*s - 22. Give h(-21).
167
Let n(s) = s - 8. What is n(6)?
-2
Let x(h) = -h**2 - 9*h + 14. Calculate x(-12).
-22
Let w(l) = l**2 + 10*l + 12. What is w(-8)?
-4
Let d(v) = -14*v + 14. Determine d(0).
14
Let n(i) = i**3 - 4*i. Give n(3).
15
Let p(w) = -14*w - 95. Determine p(-9).
31
Let y(c) = 2*c**2 - 17*c - 46. What is y(11)?
9
Let w(i) = i**3 + 10*i**2 - i - 6. Determine w(-10).
4
Let x(y) = y**3 - 5*y**2 - 2*y. What is x(5)?
-10
Let d(a) = 8*a + 499. Calculate d(-63).
-5
Let d(o) = -3*o - 18. Determine d(5).
-33
Let m(s) = -s**2 + 4*s - 2. Give m(5).
-7
Let u(y) = y**3 - 7*y**2 + 3*y + 5. Determine u(5).
-30
Let s(j) = -7*j - 19. What is s(-26)?
163
Let u(f) = -29*f - 20. What is u(-1)?
9
Let j(w) = 2*w**2 + 11*w - 4. Calculate j(-6).
2
Let i(w) = w + 21. Calculate i(-10).
11
Let t(w) = -w**2 + 17*w - 35. What is t(14)?
7
Let v(m) = -m**3 + 6*m**2 + 14*m + 21. Determine v(8).
5
Let w(z) = -z + 1. Calculate w(-6).
7
Let k(g) = g**2 + 10*g - 8. Give k(-10).
-8
Let i(h) = h**3 + 6*h**2 + 5*h - 7. Determine i(-5).
-7
Let u(k) = -2*k**2 - 6*k + 13. Give u(0).
13
Let w(v) = -v**2 - 5*v - 2. Calculate w(-6).
-8
Let r(b) = b**2 + 20*b + 59. Give r(-10).
-41
Let m(d) = d**2 - 9*d - 12. What is m(12)?
24
Let f(s) = -2*s**3 + 12*s**2 + s. Calculate f(6).
6
Let v(u) = u**2 + u + 5. Determine v(0).
5
Let u(w) = w**3 + w - 27. What is u(0)?
-27
Let b(h) = -10*h - 112. What is b(-11)?
-2
Let z(s) = -4*s - 5. Determine z(-4).
11
Let q(z) = -z**2 + 11*z + 6. Determine q(8).
30
Let z(w) = -44*w - 486. What is z(-11)?
-2
Let t(o) = o**3 - 7*o**2 + 8*o - 7. Determine t(6).
5
Let b(c) = c - 1. Calculate b(7).
6
Let g(l) = -l**2 + 15*l + 5. Calculate g(15).
5
Let h(r) = -r**2 + 14*r - 20. Calculate h(13).
-7
Let l(y) = 28*y - 1. What is l(1)?
27
Let w(m) = -m - 6. Determine w(-3).
-3
Let m(b) = -6*b**2 - b + 1. Calculate m(1).
-6
Let p(f) = 7*f**2 + 42*f + 1. Give p(-6).
1
Let z(x) = -x**3 - 15*x**2 + 2*x + 27. Give z(-15).
-3
Let m(j) = 2*j - 9. Give m(12).
15
Let l(x) = -x**3 + 15*x**2 + 2*x - 5. Give l(15).
25
Let a(y) = y**2 + 8*y + 16. Give a(7).
121
Let l(h) = 4*h**2 + 4*h - 3. Determine l(2).
21
Let g(j) = j + 24. What is g(7)?
31
Let r(n) = -n**2 + 4*n + 21. Give r(5).
16
Let v(c) = 14*c**2 + 10*c + 9. Calculate v(-1).
13
Let r(p) = 2*p - 16. Give r(-8).
-32
Let m(s) = -s**3 + 22*s**2 - 18*s - 7. Determine m(21).
56
Let b(m) = -m + 33. Give b(-14).
47
Let a(d) = -d**3 - 5*d**2 - 18*d - 14. Calculate a(-4).
42
Let x(n) = -n**3 + 10*n**2 + 9*n + 16. What is x(11)?
-6
Let f(n) = -2*n**2 - n - 3. Give f(4).
-39
Let a(i) = 2*i**3 - 8*i**2 - 17*i + 28. Give a(5).
-7
Let g(s) = -23*s**2 + 3*s + 5. What is g(2)?
-81
Let m(h) = h**3 + 10*h**2 + 4*h - 40. What is m(-8)?
56
Let d(p) = -p**3 - 16*p**2 + 6*p + 23. What is d(-16)?
-73
Let f(k) = 8*k - 111. Calculate f(16).
17
Let c(v) = -3*v + 25. Give c(15).
-20
Let r(c) = 3*c**2 - 20*c - 4. Calculate r(7).
3
Let y(n) = -130*n - 899. Calculate y(-7).
11
Let n(i) = -216*i + 436. Give n(2).
4
Let t(u) = 3*u - 53. Give t(10).
-23
Let j(c) = c**2 - 24*c + 113. What is j(18)?
5
Let w(x) = -x + 10. Calculate w(14).
-4
Let t(v) = -12*v - 13. Give t(-1).
-1
Let u(w) = -w**3 - 6*w**2 + 12*w - 18. Determine u(-8).
14
Let l(a) = 11*a + 47. Calculate l(-5).
-8
Let r(i) = i**2 + 14*i + 2. Calculate r(-9).
-43
Let o(f) = -5*f**3 - 86*f**2 - 15*f + 44. Give o(-17).
10
Let s(g) = -g**3 - 2*g**2 + 4*g + 2. Determine s(0).
2
Let v(s) = s + 7. Determine v(3).
10
Let j(s) = s**2 + 70*s + 945. Calculate j(-52).
9
Let d(y) = -13*y + 93. What is d(10)?
-37
Let f(g) = g**3 + 3*g**2 - 3*g - 6. Determine f(-2).
4
Let m(i) = 6*i - 18. Give m(3).
0
Let r(y) = y**2 - 17*y + 23. Determine r(16).
7
Let h(v) = 10*v - 10. Calculate h(1).
0
Let f(t) = -t - 9. Determine f(0).
-9
Let i(z) = -38*z + 5. Give i(0).
5
Let g(f) = 2*f + 16. Determine g(-9).
-2
Let x(s) = 40*s + 119. Calculate x(-3).
-1
Let y(x) = -6*x**2 + 44*x + 5. Determine y(7).
19
Let a(c) = 24*c - 115. Give a(5).
5
Let i(o) = -3*o - 4. Determine i(2).
-10
Let y(h) = 2*h + 4. What is y(-13)?
-22
Let l(u) = 3*u**2 + 7*u + 5. Give l(-6).
71
Let z(q) = -5*q**3 + q**2. Calculate z(1).
-4
Let q(p) = p - 7. Determine q(17).
10
Let g(v) = 2*v - 23. Give g(5).
-13
Let i(v) = v - 9. Give i(5).
-4
Let n(j) = j**3 + 6*j**2 + 7*j + 4. Determine n(-5).
-6
Let q(f) = -f**2 + 6*f + 98. Give q(12).
26
Let l(r) = r**3 - 2*r**2 - 5*r - 13. Give l(4).
-1
Let w(g) = g**3 + 33*g**2 - 4*g - 140. Determine w(-33).
-8
Let t(q) = -2*q**2 + 46*q - 45. Calculate t(22).
-1
Let c(k) = 3*k**2 - 24*k - 25. What is c(7)?
-46
Let b(v) = -38*v + 310. Calculate b(8).
6
Let k(i) = -i**2 + 21*i - 62. Determine k(16).
18
Let y(x) = 6*x - 26. What is y(19)?
88
Let i(q) = -q**2 - 12*q - 9. Determine i(-12).
-9
Let l(w) = -w**3 + 12*w**2 + 12*w + 6. Calculate l(13).
-7
Let g(l) = 5*l - 6. Determine g(4).
14
Let z(f) = f**2 + 2*f + 10. Calculate z(0).
10
Let w(b) = b**2 - 8*b + 17. Determine w(5).
2
Let m(i) = 7*i**3 - 3*i**2 + 2*i + 1. Determine m(2).
49
Let v(r) = -r**3 - 5*r**2 - 9*r - 5. Give v(-3).
4
Let b(q) = -q**3 - 6*q**2 - 8*q - 6. What is b(-4)?
-6
Let x(k) = k**3 - 20*k**2 - 22*k + 19. Give x(21)